{"id":40,"date":"2013-12-21T16:06:47","date_gmt":"2013-12-21T16:06:47","guid":{"rendered":"http:\/\/schreiblos.de\/brause1\/?page_id=40"},"modified":"2026-04-15T13:35:22","modified_gmt":"2026-04-15T13:35:22","slug":"willkommen","status":"publish","type":"page","link":"https:\/\/www.brauseboys.de\/","title":{"rendered":"AHOI"},"content":{"rendered":"<h3>Herzlich willkommen auf der offiziellen Webseite der <strong>Leseb\u00fchne Brauseboys<\/strong>!<\/h3>\n<p>Wir sind Heiko Werning, Frank Sorge, Volker Surmann, Thilo Bock und Robert Rescue. Seit 23 Jahren lesen wir w\u00f6chentlich gemeinsam vor Publikum. Bislang waren das weit mehr als 1.000 Abende &#8211; keiner wie der andere.<\/p>\n<p><a href=\"http:\/\/www.brauseboys.de\/wp-content\/uploads\/2026\/04\/EB4iIX59Ujvz.jpg\"><img loading=\"lazy\" decoding=\"async\" class=\"aligncenter wp-image-2930 size-full\" src=\"http:\/\/www.brauseboys.de\/wp-content\/uploads\/2026\/04\/EB4iIX59Ujvz.jpg\" alt=\"\" width=\"600\" height=\"314\" srcset=\"https:\/\/www.brauseboys.de\/wp-content\/uploads\/2026\/04\/EB4iIX59Ujvz.jpg 600w, https:\/\/www.brauseboys.de\/wp-content\/uploads\/2026\/04\/EB4iIX59Ujvz-300x157.jpg 300w\" sizes=\"auto, (max-width: 600px) 100vw, 600px\" \/><\/a><\/p>\n<p style=\"text-align: center;\"><strong>23 Jahre Brauseboys: IM WEDDING WELTBER\u00dcHMT<\/strong><\/p>\n<p>Im M\u00e4rz 2003 starteten wir unsere w\u00f6chentlich stattfindende Leseb\u00fchne und haben seitdem Donnerstag f\u00fcr Donnerstag geschrieben und vorgelesen, gesungen, getanzt, gekocht, projiziert, moderiert, persifliert und kreative Heiterkeit zelebriert. Nach weit \u00fcber 1000 Abenden voller neuer Ideen und mit illustren G\u00e4sten in Wedding, Moabit und im Prenzlauer Berg, und mehr als zehn gemeinsamen B\u00fcchern, findet das diesj\u00e4hrige Jubil\u00e4um an der Schnittstelle unserer Dimensionen statt: In Reinickendorf! Das Beste, Sentimentalste und Heiterste zum Jubeljahr von Thilo Bock, Robert Rescue, Frank Sorge, Volker Surmann und Heiko Werning.<\/p>\n<p style=\"text-align: center;\"><strong>Freitag, 17.4. (19.30 Uhr)<\/strong><br \/>\n<strong>Showfenster Theater (Letteallee 94)<\/strong><\/p>\n<p>Kenner wissen, das ist nur eine H\u00e4userecke vom Wedding entfernt, vom U-Osloer Stra\u00dfe kann man im Grunde laufen. F\u00fcr dieses exklusive Event, das dem ewigen Zeitstrahl heiligt, <a href=\"https:\/\/eventfrog.de\/de\/p\/theater-buehne\/comedy-kabarett\/die-brauseboys-jubilaeumsshow-7440008539672708883.html\" target=\"_blank\" rel=\"noopener\">gibt es noch ein paar Tickets<\/a>.<\/p>\n<p>Und am Abend davor gibt es, wie immer seit 23 Jahren, die <a href=\"https:\/\/hausdersinne-berlin.de\/event\/special-lesebuehne-die-brausegirls-mit-amalia-chikh-bettie-i-alfred-mandana-und-maria-jacobi\/\" target=\"_blank\" rel=\"noopener\">Brausegirls im Haus der Sinne<\/a>!<\/p>\n<p style=\"text-align: center;\">***<\/p>\n<p>Hier finden Sie nicht nur allgemeine Informationen zu unserer Veranstaltung und den einzelnen Mitgliedern, sondern auch eine Auswahl unserer Produkte und in der rechten Spalte eine aktuelle Auflistung unserer kommenden Termine.<\/p>\n<p style=\"text-align: center;\"><a href=\"http:\/\/www.brauseboys.de\/wp-content\/uploads\/2023\/09\/hds_12header_in.jpg\"><img loading=\"lazy\" decoding=\"async\" class=\"alignnone size-large wp-image-2373\" src=\"http:\/\/www.brauseboys.de\/wp-content\/uploads\/2023\/09\/hds_12header_in-1024x539.jpg\" alt=\"Brauseboys 2023\" width=\"640\" height=\"336\" srcset=\"https:\/\/www.brauseboys.de\/wp-content\/uploads\/2023\/09\/hds_12header_in-1024x539.jpg 1024w, https:\/\/www.brauseboys.de\/wp-content\/uploads\/2023\/09\/hds_12header_in-300x158.jpg 300w, https:\/\/www.brauseboys.de\/wp-content\/uploads\/2023\/09\/hds_12header_in.jpg 1200w\" sizes=\"auto, (max-width: 640px) 100vw, 640px\" \/><\/a><\/p>\n<p style=\"text-align: center;\">***<\/p>\n<p><strong>Brauseboys w\u00f6chentlich<\/strong><\/p>\n<p>Wir treten jeden Donnerstag um 20 Uhr in unserer festen Spielst\u00e4tte, dem <a href=\"https:\/\/hausdersinne-berlin.de\/\">Haus der Sinne &#8211; Die Kulturb\u00fchne im Prenzlauer Berg<\/a> auf! Immer mit brandneuen Texten, guter Musik und tollen G\u00e4sten. Eintritt: 10 bis 16 Euro (nach Selbsteinsch\u00e4tzung). VVK \u00fcber das Haus der Sinne.<\/p>\n<p>&nbsp;<\/p>\n<p><strong>Brauseboys-Events<\/strong><\/p>\n<p>Wir lesen auch au\u00dfer der Reihe und an anderen Wochentagen, in ganz Berlin und au\u00dferhalb, wo man uns l\u00e4sst. F\u00fcr Anfragen sind wir jederzeit offen, zum Jahresende machen wir au\u00dferdem seit 20 Jahren erfolgreich einen satirischen Jahresr\u00fcckblick an verschiedenen Orten. Um keinen Termin zu verpassen, empfehlen wir den Bezug unseres <a href=\"https:\/\/46ad5cf1.sibforms.com\/serve\/MUIFAETeKsRU_-AhCgwtAJmMNcEw0XWPnz5L7iUvS1iHHv7DiD3LSKGofmS5xYdFyCnb_EuStN72Mhm0WCJhb5TSnvjZDpoiiM0l0rOHNxODitdbDj0foh1eC6VgiGuCQeanWD_FeCKhj3C1bNBymfSnT_9pUcmt45a9KHJgL_qOxNR0OdQNLoCrhrXk2pvWSV01KPX65DVkvYBt\">w\u00f6chentlichen Newsletters<\/a>.<\/p>\n","protected":false},"excerpt":{"rendered":"<p>Herzlich willkommen auf der offiziellen Webseite der Leseb\u00fchne Brauseboys! Wir sind Heiko Werning, Frank Sorge, Volker Surmann, Thilo Bock und Robert Rescue. Seit 23 Jahren lesen wir w\u00f6chentlich gemeinsam vor Publikum. Bislang waren das weit mehr als 1.000 Abende &#8211; keiner wie der andere. 23 Jahre Brauseboys: IM WEDDING WELTBER\u00dcHMT Im M\u00e4rz 2003 starteten wir [&hellip;]<\/p>\n","protected":false},"author":3,"featured_media":0,"parent":0,"menu_order":0,"comment_status":"closed","ping_status":"closed","template":"","meta":{"ngg_post_thumbnail":0,"footnotes":""},"class_list":["post-40","page","type-page","status-publish","hentry"],"_links":{"self":[{"href":"https:\/\/www.brauseboys.de\/index.php?rest_route=\/wp\/v2\/pages\/40","targetHints":{"allow":["GET"]}}],"collection":[{"href":"https:\/\/www.brauseboys.de\/index.php?rest_route=\/wp\/v2\/pages"}],"about":[{"href":"https:\/\/www.brauseboys.de\/index.php?rest_route=\/wp\/v2\/types\/page"}],"author":[{"embeddable":true,"href":"https:\/\/www.brauseboys.de\/index.php?rest_route=\/wp\/v2\/users\/3"}],"replies":[{"embeddable":true,"href":"https:\/\/www.brauseboys.de\/index.php?rest_route=%2Fwp%2Fv2%2Fcomments&post=40"}],"version-history":[{"count":176,"href":"https:\/\/www.brauseboys.de\/index.php?rest_route=\/wp\/v2\/pages\/40\/revisions"}],"predecessor-version":[{"id":2936,"href":"https:\/\/www.brauseboys.de\/index.php?rest_route=\/wp\/v2\/pages\/40\/revisions\/2936"}],"wp:attachment":[{"href":"https:\/\/www.brauseboys.de\/index.php?rest_route=%2Fwp%2Fv2%2Fmedia&parent=40"}],"curies":[{"name":"wp","href":"https:\/\/api.w.org\/{rel}","templated":true}]}}